lculate the remainder when 669 is divided by 42.
39
Calculate the remainder when 468 is divided by 47.
45
What is the remainder when 1414 is divided by 41?
20
Calculate the remainder when 289 is divided by 288.
1
What is the remainder when 503 is divided by 72?
71
Calculate the remainder when 1863 is divided by 267.
261
What is the remainder when 4435 is divided by 10?
5
Calculate the remainder when 570 is divided by 98.
80
What is the remainder when 2098 is divided by 84?
82
Calculate the remainder when 709 is divided by 17.
12
Calculate the remainder when 710 is divided by 9.
8
What is the remainder when 235 is divided by 24?
19
Calculate the remainder when 146 is divided by 55.
36
Calculate the remainder when 2265 is divided by 284.
277
Calculate the remainder when 1572 is divided by 21.
18
What is the remainder when 58 is divided by 36?
22
Calculate the remainder when 713 is divided by 346.
21
What is the remainder when 43 is divided by 11?
10
What is the remainder when 1523 is divided by 109?
106
Calculate the remainder when 56 is divided by 18.
2
What is the remainder when 57 is divided by 20?
17
What is the remainder when 1170 is divided by 381?
27
What is the remainder when 1006 is divided by 172?
146
What is the remainder when 244 is divided by 37?
22
What is the remainder when 60 is divided by 53?
7
Calculate the remainder when 1416 is divided by 468.
12
What is the remainder when 57 is divided by 46?
11
Calculate the remainder when 475 is divided by 119.
118
Calculate the remainder when 118 is divided by 6.
4
Calculate the remainder when 284 is divided by 22.
20
What is the remainder when 130 is divided by 125?
5
Calculate the remainder when 378 is divided by 152.
74
What is the remainder when 51 is divided by 4?
3
Calculate the remainder when 24 is divided by 17.
7
What is the remainder when 527 is divided by 85?
17
Calculate the remainder when 217 is divided by 38.
27
Calculate the remainder when 246 is divided by 58.
14
Calculate the remainder when 270 is divided by 73.
51
Calculate the remainder when 30500 is divided by 9.
8
What is the remainder when 657 is divided by 132?
129
Calculate the remainder when 200 is divided by 28.
4
What is the remainder when 179 is divided by 32?
19
What is the remainder when 4452 is divided by 33?
30
Calculate the remainder when 638 is divided by 212.
2
Calculate the remainder when 5590 is divided by 119.
116
Calculate the remainder when 137 is divided by 42.
11
What is the remainder when 369 is divided by 64?
49
Calculate the remainder when 148 is divided by 15.
13
Calculate the remainder when 201 is divided by 56.
33
What is the remainder when 88 is divided by 23?
19
What is the remainder when 14111 is divided by 126?
125
Calculate the remainder when 118 is divided by 33.
19
What is the remainder when 606 is divided by 196?
18
Calculate the remainder when 5581 is divided by 2.
1
What is the remainder when 702 is divided by 47?
44
Calculate the remainder when 187 is divided by 131.
56
Calculate the remainder when 274 is divided by 96.
82
What is the remainder when 916 is divided by 9?
7
Calculate the remainder when 2143 is divided by 165.
163
What is the remainder when 912 is divided by 32?
16
What is the remainder when 900 is divided by 195?
120
Calculate the remainder when 17 is divided by 10.
7
Calculate the remainder when 2377 is divided by 1180.
17
Calculate the remainder when 210 is divided by 31.
24
What is the remainder when 228 is divided by 117?
111
What is the remainder when 152 is divided by 27?
17
What is the remainder when 83 is divided by 23?
14
What is the remainder when 1465 is divided by 291?
10
Calculate the remainder when 459 is divided by 225.
9
Calculate the remainder when 8534 is divided by 2842.
8
What is the remainder when 2013 is divided by 24?
21
What is the remainder when 1739 is divided by 30?
29
Calculate the remainder when 27 is divided by 19.
8
What is the remainder when 1734 is divided by 32?
6
What is the remainder when 93 is divided by 12?
9
What is the remainder when 138 is divided by 28?
26
Calculate the remainder when 245 is divided by 41.
40
Calculate the remainder when 528 is divided by 129.
12
What is the remainder when 194 is divided by 62?
8
What is the remainder when 98 is divided by 15?
8
Calculate the remainder when 717 is divided by 60.
57
Calculate the remainder when 1005 is divided by 36.
33
What is the remainder when 123 is divided by 48?
27
Calculate the remainder when 1536 is divided by 767.
2
What is the remainder when 12081 is divided by 4?
1
What is the remainder when 6711 is divided by 210?
201
Calculate the remainder when 635 is divided by 49.
47
Calculate the remainder when 182 is divided by 94.
88
Calculate the remainder when 2427 is divided by 84.
75
Calculate the remainder when 46 is divided by 18.
10
Calculate the remainder when 184 is divided by 28.
16
What is the remainder when 2442 is divided by 599?
46
Calculate the remainder when 1424 is divided by 92.
44
Calculate the remainder when 458 is divided by 116.
110
What is the remainder when 8698 is divided by 116?
114
What is the remainder when 173 is divided by 94?
79
What is the remainder when 1662 is divided by 128?
126
What is the remainder when 581 is divided by 65?
61
Calculate the remainder when 455 is divided by 19.
18
Calculate the remainder when 243 is divided by 7.
5
Calculate the remainder when 170 is divided by 8.
2
Calculate the remainder when 3802 is divided by 30.
22
Calculate the remainder when 140 is divided by 36.
32
What is the remainder when 3408 is divided by 22?
20
What is the remainder when 641 is divided by 28?
25
Calculate the remainder when 8075 is divided by 63.
11
Calculate the remainder when 2102 is divided by 179.
133
Calculate the remainder when 445 is divided by 114.
103
Calculate the remainder when 16 is divided by 6.
4
What is the remainder when 1308 is divided by 40?
28
Calculate the remainder when 317 is divided by 81.
74
What is the remainder when 51 is divided by 19?
13
What is the remainder when 108 is divided by 81?
27
What is the remainder when 46 is divided by 7?
4
Calculate the remainder when 142 is divided by 48.
46
What is the remainder when 255 is divided by 16?
15
Calculate the remainder when 583 is divided by 12.
7
What is the remainder when 454 is divided by 106?
30
Calculate the remainder when 2433 is divided by 84.
81
Calculate the remainder when 57 is divided by 40.
17
Calculate the remainder when 1279 is divided by 97.
18
What is the remainder when 55 is divided by 32?
23
Calculate the remainder when 3264 is divided by 21.
9
Calculate the remainder when 2882 is divided by 40.
2
Calculate the remainder when 1305 is divided by 110.
95
What is the remainder when 58086 is divided by 289?
286
Calculate the remainder when 204 is divided by 41.
40
What is the remainder when 359 is divided by 14?
9
Calculate the remainder when 3648 is divided by 28.
8
What is the remainder when 1647 is divided by 22?
19
What is the remainder when 8475 is divided by 17?
9
Calculate the remainder when 139 is divided by 31.
15
What is the remainder when 3027 is divided by 15?
12
Calculate the remainder when 20 is divided by 14.
6
What is the remainder when 40 is divided by 11?
7
What is the remainder when 512 is divided by 38?
18
What is the remainder when 285 is divided by 67?
17
Calculate the remainder when 147 is divided by 67.
13
Calculate the remainder when 1921 is divided by 323.
306
Calculate the remainder when 235 is divided by 88.
59
Calculate the remainder when 90 is divided by 24.
18
What is the remainder when 1438 is divided by 45?
43
Calculate the remainder when 846 is divided by 106.
104
What is the remainder when 120 is divided by 49?
22
Calculate the remainder when 574 is divided by 18.
16
Calculate the remainder when 328 is divided by 55.
53
What is the remainder when 2999 is divided by 79?
76
What is the remainder when 451 is divided by 65?
61
What is the remainder when 105 is divided by 5?
0
What is the remainder when 1152 is divided by 34?
30
What is the remainder when 133 is divided by 40?
13
Calculate the remainder when 164 is divided by 15.
14
What is the remainder when 3445 is divided by 75?
70
What is the remainder when 1964 is 